 + 5*x + 135. What is the units digit of z?
0
Let c = -137 + 204. What is the units digit of c?
7
Let n(y) = 0 - 4 + 5 + 3*y**2 - 4*y + y**3 + 2*y**2. Let g be n(-5). Suppose -2*u - g = -0*u - 5*z, -4*z = -2*u - 16. What is the units digit of u?
2
Suppose -3*h + 4 + 8 = 0. Let w(k) = k**2 - 5*k - 4. Let a be w(6). What is the units digit of (h*a)/(4/4)?
8
Let v(a) = -3*a**2 - a + 1. Let p be v(3). Let r = -16 - p. What is the units digit of r?
3
Suppose i = 5*i - 20. Let o(j) = 16*j + 36. Let y(r) = 3*r + 7. Let z(g) = -2*o(g) + 11*y(g). What is the tens digit of z(i)?
1
Let m be (-6)/9 + 60/9. Let v(o) = 2*o - 9. What is the units digit of v(m)?
3
Let w = 27 - 19. Let y = w - -14. What is the tens digit of y?
2
Suppose 0*n + 2*n = 0. Suppose -b - 4*b + 25 = n. Suppose -18 = -3*d - 2*w + 5*w, -b*d - 6 = 4*w. What is the units digit of d?
2
Let a be 7*(4 + 16/(-14)). Let t = 42 - a. What is the tens digit of t?
2
Suppose -3*f + 2*f - 5*t = -15, 4*f - 4*t = 12. Let k be 768/42 - (-4)/(-14). Suppose f*d - k = 3*d. What is the units digit of d?
9
Suppose -s - 7 = -33. What is the tens digit of s?
2
Suppose 0 = 5*m - 444 - 251. What is the units digit of m?
9
Suppose 54 = 3*d - 3*s - 0*s, -2*d + 3*s + 35 = 0. What is the units digit of d?
9
Let u = -54 + 96. What is the units digit of u?
2
Let p(g) = 2*g**3 - 5*g**2 + 4*g - 1. Let s be p(5). Let w = s - 101. What is the units digit of w?
3
Let q(d) = d**3 - d**2 - 3*d + 2. Let f(h) = h - 3. Let p be f(6). What is the tens digit of q(p)?
1
Let c = 76 - 22. What is the tens digit of c?
5
Let k(c) = -c**3 + 7*c**2 + 3. Suppose -v = v. Suppose 3*d + v*d = 21. What is the units digit of k(d)?
3
Suppose 24 = 3*t + t. Let h be (3/t)/(1/4). Suppose 0 = -2*y - 0 + h. What is the units digit of y?
1
Let j(a) = 2*a**2 + 6. Let t be j(-6). Let d = t - 32. What is the tens digit of d?
4
Suppose -2*a + 234 = -4*p, -5*p - 61 = -4*p - a. Let g = -29 - p. What is the units digit of g?
7
Suppose -3*c + 2*x + 245 = -71, -3*x + 444 = 4*c. What is the tens digit of c?
0
Let q be 1/(5/2 + -2). Let y(s) = q*s - s**2 + s**3 - 1 - 4*s + s. What is the units digit of y(2)?
1
Let l(g) = -g**3 + 8*g**2 + 10*g - 2. What is the tens digit of l(8)?
7
Suppose 0 = -5*s - 0*s + 25. What is the units digit of s?
5
Let b = -21 + 98. What is the tens digit of b?
7
Let h(m) = -4*m + 14. What is the units digit of h(-8)?
6
Let d = 8 + -1. Let w = -4 + d. Let s = w + -1. What is the units digit of s?
2
Let u(p) = 24*p + 7. What is the units digit of u(1)?
1
Suppose 4*w - 127 = 5*p, 3*p = -4*w - 4 + 107. What is the tens digit of w?
2
Let q be 1 + -2 - (-10)/1. Suppose 0*c + 3*c - 3*a - q = 0, 1 = a. Suppose -k + c = -0*k. What is the units digit of k?
4
Let l = -11 - -15. Suppose l*t = t + 57. Suppose -3*y - 1 + t = 0. What is the units digit of y?
6
Let s be 6*1/2 - -2. Suppose s*k - 95 = -0*k. What is the tens digit of k?
1
Let x = 19 + -17. What is the units digit of x?
2
Suppose -313 = -5*f - 3. What is the tens digit of f?
6
What is the tens digit of 210 + (5 - -5)*2/(-5)?
0
What is the tens digit of 4 + -1*(-69 + -2)?
7
Suppose -4*f = -9 + 21. Let v(q) = 3*q**2 - q + 1. What is the units digit of v(f)?
1
Let o(h) = 5*h - 25. What is the tens digit of o(13)?
4
Suppose 17 = -p - 0*p. Let x be -4 + (-2 - -45 - 4). Let u = x + p. What is the units digit of u?
8
Let w be 0/(6/3 + 0). Suppose w = -3*y - 3*d + 3, 4*y + 36 = -0*d + 4*d. Let c(j) = -j**2 - 6*j - 1. What is the units digit of c(y)?
7
Suppose 3*w + w - 88 = 0. What is the tens digit of w?
2
Suppose -7*u = -2*u - 550. What is the tens digit of u?
1
Let g = 8 - 4. Suppose 4 = z - 5. What is the units digit of g/6*z/2?
3
Let x(r) = r**3 - 4*r**2 - 2*r + 1. Let k = -5 + 9. Suppose -2*p + 5*t = -25, -k*t = -t + 9. What is the units digit of x(p)?
6
Suppose -n = -5*i - 2*n + 6, 3*i + n - 2 = 0. Suppose -i*u = -30 - 40. Suppose 2*p - u = -3*p. What is the units digit of p?
7
Let f(a) be the third derivative of a**4/24 + a**3/3 + a**2. Let z be 6/(-8) - (-110)/40. What is the units digit of f(z)?
4
Let o be ((-1)/(-2))/((-6)/(-600)). Suppose 6*j - o = j. What is the tens digit of 342/30 + 6/j?
1
Suppose -l = 2*l. Suppose l = -5*o - m - 33 + 97, 0 = m - 4. What is the units digit of o?
2
Let a = 0 - -1. Let d(r) be the second derivative of r**3/2 + 2*r. What is the units digit of d(a)?
3
Let k = -2 - 0. What is the units digit of (k*1 - -15)/1?
3
Suppose 0 = -3*q + q + 22. Let f = -3 + q. What is the units digit of f?
8
Let x = 376 + -269. What is the hundreds digit of x?
1
Suppose 4*p + 32 = 4*j, -3*j = -0*j - 2*p - 21. Suppose 2*t + a - 15 = -t, j*t - 3*a - 25 = 0. Suppose -t = -4*z + 11. What is the units digit of z?
4
Suppose -3*r + k = -0*r - 54, 4*r - 61 = 5*k. What is the tens digit of r?
1
Let z = -1 + 5. What is the units digit of z?
4
Let b(v) = 2*v**2 + 4*v - 10. What is the units digit of b(-6)?
8
Let y(f) = 2*f**3 + 1. Let o be y(1). Suppose 5*d + o*q = 38, 9*q - 10 = -3*d + 4*q. What is the tens digit of d?
1
Let u(i) = i**3 + 10*i**2 - 3*i - 15. What is the units digit of u(-10)?
5
Let p(s) = s**2 + 5*s - 1. What is the units digit of p(5)?
9
Suppose 0 = -h + 1 + 6. What is the units digit of h?
7
Suppose 0 = 2*s - 17 + 1. Suppose -6*r + 2*r + 20 = 4*a, -4*r + 2*a = -s. Suppose 5*o + 11 = w, -w - 2*o = r - 0. What is the units digit of w?
1
Let i be (-114)/(-22) - 2/11. Suppose 3*f = -i*o + 55, -o + 17 = 2*f - 1. What is the units digit of o?
8
Let x(m) = m**2 - 2*m - 2. What is the units digit of x(7)?
3
Let o = -18 - -24. Let k(y) = y**2 - y + 1. What is the tens digit of k(o)?
3
Let y = 21 - 17. Let o = -3 + 7. Suppose -4*v + o*n + 3 = -v, n + y = 4*v. What is the units digit of v?
1
Let h(l) = 12*l - 1. Let a be h(-3). Let m be a*-2*2/4. Suppose v - 3 = -g - 4*v, 5*g - m = -3*v. What is the units digit of g?
8
What is the tens digit of 0 - 1 - 1092/(-21)?
5
Let k = 5 - 3. What is the units digit of (0 - -1) + k/1?
3
Suppose -3*a + 2*h + 1 = 109, 0 = 2*a + 2*h + 72. Let l = 50 + a. What is the tens digit of l?
1
Let f(a) = -a**3 + 5*a**2 + 4*a - 5. What is the units digit of f(5)?
5
Let u(g) = -26*g - 57. What is the hundreds digit of u(-7)?
1
Suppose -c = -2*c + 26. What is the units digit of c?
6
Suppose 4*d + 24 = d. Let j(l) be the third derivative of l**5/60 + 7*l**4/24 - l**3/3 - l**2. What is the units digit of j(d)?
6
Let u(z) = z**3 - 5*z**2 - 4*z - 8. Let q be u(6). Let h = -16 + 36. What is the units digit of (-78)/(-10) + q/h?
8
Suppose q = -2*q - y + 25, 0 = q + 5*y - 13. What is the units digit of q?
8
What is the tens digit of ((-8)/3)/((-10)/555*1)?
4
Suppose 0 = w - 4*f - 28, -w - 3*w - f + 78 = 0. Suppose 2*p = 4*j, -p + 2*j = -2*p + w. What is the tens digit of p?
1
Let k(u) = -5*u - 1. Let r(j) = 2 - 2 - 16*j + 1 - 5. Let n(p) = 7*k(p) - 2*r(p). What is the tens digit of n(-3)?
1
Let j be 2 + 2 + -2*1. Suppose -j*u - 40 = -6*u. Let v = 19 - u. What is the units digit of v?
9
Let q be -24*(-2 - 3/(-9)). Let t = q + -29. What is the tens digit of t?
1
Let l(s) = -11 + 11 - 2*s. What is the units digit of l(-5)?
0
Let y(c) = -c**2 + 6*c - 1. Let f be y(5). Let n(m) be the second derivative of m**4/12 - m**3/6 - 2*m**2 + 4*m. What is the units digit of n(f)?
8
Let l(g) = 4*g - 1. Let t be l(6). Suppose 0 = 3*d - 2*i - t, 5*d + 1 - 14 = -3*i. What is the units digit of d?
5
Let q(i) = 6*i - 10. Let v be q(12). Let g = v + -27. What is the units digit of g?
5
Let n = 148 + -63. What is the tens digit of n?
8
Let w = 8 + -6. Let x(a) = a**3 + 5*a**2 - 2*a - 2. Let h be x(-5). What is the units digit of h/(4 + -1*w)?
4
Let h = 60 + -48. What is the tens digit of h?
1
Let w be 1 + (2 + 0 - -16). Suppose 0 = -2*z + z + w. What is the units digit of z?
9
What is the tens digit of (-2 + 4)/((-2)/(-49))?
4
Suppose 4*r = -4*z - z + 269, -r + 3*z + 46 = 0. Suppose -4*a + 47 = 3*y, 5*y - y + 5*a = r. What is the units digit of (4/3)/(3/y)?
4
Suppose 0 = f - 12. Let h = 24 - f. Suppose 9 + h = 3*b. What is the units digit of b?
7
Let f be 29/(-2)*(1 - -1). Let i = -18 - f. What is the tens digit of i?
1
Let x(j) = j**3 + j**2 - j. What is the tens digit of x(3)?
3
Let g be ((-13)/(-3) - 0)*3. Suppose 5*b = z - g, -2*z - 1 = 3*z - 3*b. Let t = z - -19. What is